on divisor of 58 and 39875.
29
What is the greatest common factor of 16510 and 260?
130
What is the greatest common factor of 111864 and 9912?
1416
What is the highest common factor of 228 and 2714511?
57
What is the highest common factor of 1380 and 112884?
276
What is the greatest common divisor of 323 and 1473203?
323
What is the greatest common divisor of 1040 and 2005?
5
What is the highest common factor of 948358 and 332?
166
What is the greatest common divisor of 15 and 6393?
3
What is the highest common divisor of 8190 and 1995?
105
What is the greatest common factor of 682 and 4588?
62
What is the highest common divisor of 12 and 1536?
12
Calculate the highest common factor of 392 and 1149932.
196
What is the highest common divisor of 2261 and 171817?
19
What is the greatest common divisor of 19 and 630857?
19
What is the highest common factor of 353472 and 896?
448
What is the greatest common divisor of 183 and 507?
3
What is the greatest common factor of 10802 and 121?
11
Calculate the greatest common divisor of 3128515 and 455.
65
What is the greatest common factor of 498 and 36?
6
Calculate the highest common divisor of 1349 and 62551.
71
Calculate the greatest common divisor of 129536 and 19228.
1012
What is the greatest common divisor of 726165 and 45?
45
What is the highest common factor of 9009 and 72919?
77
Calculate the highest common factor of 5686335 and 73.
73
Calculate the highest common factor of 31 and 7611771.
31
Calculate the greatest common divisor of 90779 and 299.
13
What is the greatest common divisor of 112 and 108402?
14
Calculate the highest common divisor of 3780 and 28056.
84
What is the highest common factor of 321554 and 946?
86
What is the highest common divisor of 64 and 19795?
1
What is the highest common factor of 100 and 207650?
50
What is the highest common factor of 25 and 1938275?
25
What is the highest common factor of 21015 and 270?
45
What is the greatest common divisor of 2985940 and 40?
20
What is the greatest common factor of 12177 and 82?
41
What is the greatest common factor of 7176 and 78?
78
Calculate the greatest common factor of 5543 and 121223.
241
Calculate the highest common divisor of 216 and 144000.
72
Calculate the greatest common divisor of 510 and 29490.
30
What is the greatest common divisor of 28 and 5300414?
14
What is the highest common factor of 649184 and 32?
32
What is the highest common factor of 690 and 309948?
138
What is the greatest common divisor of 9720 and 6210?
270
What is the greatest common divisor of 86 and 4337496?
86
Calculate the greatest common divisor of 4879 and 119.
119
Calculate the highest common factor of 27610 and 275.
55
Calculate the greatest common factor of 182750 and 1806.
86
Calculate the greatest common divisor of 16275 and 10500.
525
Calculate the highest common factor of 127755 and 30.
15
Calculate the highest common divisor of 1472 and 54832.
368
What is the highest common divisor of 5531607 and 9?
9
Calculate the greatest common factor of 28454 and 410.
82
Calculate the highest common divisor of 264 and 1086.
6
Calculate the greatest common divisor of 98 and 70903.
49
Calculate the highest common factor of 3071 and 31117.
37
What is the greatest common factor of 13 and 4963933?
13
Calculate the highest common divisor of 379764 and 3696.
924
What is the highest common divisor of 6 and 511608?
6
Calculate the greatest common divisor of 24353 and 28.
7
Calculate the highest common factor of 355324 and 12660.
844
What is the greatest common divisor of 105 and 86793?
21
Calculate the greatest common factor of 48 and 145980.
12
Calculate the highest common divisor of 14 and 1845886.
14
What is the highest common factor of 56398 and 519?
173
What is the highest common divisor of 3083174 and 436?
218
Calculate the highest common divisor of 102 and 672537.
51
Calculate the greatest common divisor of 4662 and 138565.
259
Calculate the greatest common factor of 324 and 7443.
9
Calculate the greatest common divisor of 249128 and 198.
22
What is the highest common factor of 14 and 143662?
2
What is the highest common divisor of 9792 and 654840?
1224
What is the greatest common divisor of 849 and 142066?
283
What is the highest common factor of 978159 and 273?
273
What is the greatest common factor of 60 and 62360?
20
What is the greatest common factor of 3408 and 1049877?
213
Calculate the greatest common factor of 185 and 30695.
5
What is the highest common divisor of 78225 and 609?
21
Calculate the highest common factor of 1021241 and 221.
221
Calculate the highest common factor of 82272 and 128.
32
What is the highest common factor of 17 and 1642880?
17
Calculate the greatest common divisor of 160 and 41080.
40
Calculate the highest common divisor of 1053320 and 80.
40
Calculate the greatest common divisor of 2145 and 19695.
195
Calculate the highest common factor of 820 and 20.
20
Calculate the greatest common divisor of 1924 and 8251.
37
Calculate the greatest common divisor of 632348 and 1356.
452
What is the greatest common divisor of 809639 and 919?
919
Calculate the greatest common factor of 122376 and 120.
24
What is the highest common divisor of 49082 and 95933?
2231
What is the highest common factor of 34881 and 302?
151
What is the highest common divisor of 2132 and 43212?
52
Calculate the highest common divisor of 8931 and 273.
39
What is the highest common factor of 1348633 and 1859?
143
Calculate the greatest common divisor of 4013747 and 1389.
463
Calculate the highest common factor of 1155 and 2057.
11
What is the greatest common divisor of 920 and 80684?
92
Calculate the greatest common divisor of 47740 and 4246.
22
Calculate the highest common divisor of 86320 and 260.
260
What is the greatest common factor of 969 and 1547?
17
What is the greatest common divisor of 3197 and 6647?
23
What is the highest common divisor of 363420 and 2160?
540
What is the greatest common factor of 19 and 3296215?
19
Calculate the highest common divisor of 119 and 146251.
119
Calculate the greatest common divisor of 273 and 9051.
21
Calculate the greatest common divisor of 456 and 7923.
57
Calculate the highest common factor of 2717 and 3575.
143
What is the greatest common factor of 364 and 986622?
182
Calculate the highest common factor of 2000 and 64.
16
Calculate the greatest common divisor of 44649 and 33.
33
Calculate the highest common divisor of 9814711 and 229.
229
What is the highest common divisor of 11190 and 130?
10
What is the highest common factor of 78 and 492?
6
Calculate the highest common divisor of 1632 and 673404.
204
What is the highest common divisor of 150 and 44280?
30
Calculate the greatest common factor of 317811 and 174.
87
What is the highest common divisor of 2261 and 608?
19
What is the greatest common divisor of 151545 and 35?
5
Calculate the greatest common factor of 446 and 11373.
223
Calculate the greatest common factor of 12183 and 9.
3
Calculate the highest common divisor of 40 and 18890.
10
What is the highest common divisor of 6525 and 494595?
1305
What is the greatest common divisor of 20735 and 25597?
143
Calculate the greatest common factor of 1495 and 14885.
65
Calculate the greatest common factor of 70 and 7462.
14
Calculate the greatest common divisor of 517605 and 375.
15
Calculate the highest common factor of 90916 and 544.
68
Calculate the greatest common factor of 154992 and 48.
48
Calculate the greatest common divisor of 93147 and 509.
509
Calculate the greatest common factor of 240 and 134250.
30
Calculate the greatest common divisor of 1181 and 29.
1
What is the highest common divisor of 64 and 1074512?
16
What is the greatest common factor of 48 and 98172?
12
Calculate the highest common factor of 330 and 127578.
66
Calculate the greatest common factor of 70861 and 192528.
1337
Calculate the highest common factor of 3667 and 323.
19
Calculate the greatest common divisor of 3119558 and 52.
26
What is the greatest common factor of 10561 and 19332?
179
What is the greatest common divisor of 42 and 647694?
6
Calculate the highest common divisor of 228 and 164.
4
What is the greatest common divisor of 40725 and 200?
25
What is the highest common divisor of 618200 and 325?
25
What is the greatest comm